{"id":88,"date":"2024-09-15T23:51:08","date_gmt":"2024-09-15T23:51:08","guid":{"rendered":"https:\/\/bayi.modernraf.com.tr\/?page_id=88"},"modified":"2024-09-15T23:51:08","modified_gmt":"2024-09-15T23:51:08","slug":"iade-sartlari","status":"publish","type":"page","link":"https:\/\/bayi.modernraf.com.tr\/index.php\/iade-sartlari\/","title":{"rendered":"\u0130ade \u015eartlar\u0131"},"content":{"rendered":"<p><strong>Garanti Ko\u015fullar\u0131<\/strong><\/p><p>T\u00fcm \u00fcr\u00fcnler aksi belirtilmedi\u011fi takdirde \u00fcretici firmalar\u0131n garantisi alt\u0131ndad\u0131r. Garanti ko\u015fullar\u0131n\u0131n ge\u00e7erli olabilmesi i\u00e7in kargo teslimat\u0131 esnas\u0131nda \u00fcr\u00fcn\u00fc mutlaka kontrol ediniz. Herhangi bir hasar g\u00f6rd\u00fc\u011f\u00fcn\u00fczde tutanak tutturarak \u00fcr\u00fcn\u00fc teslim almay\u0131n\u0131z. \u00dcr\u00fcn \u00fczerinde yap\u0131lan de\u011fi\u015fiklikler,\u00fcr\u00fcn\u00fcn deforme olmas\u0131 ya da \u00fcr\u00fcn\u00fcn orijinal dizayn\u0131n\u0131n bozulmas\u0131 garanti kapsam\u0131 d\u0131\u015f\u0131ndad\u0131r.<\/p><p><strong><em>\u0130ade Ko\u015fullar\u0131<\/em><\/strong><\/p><p><strong>Kargonuzu teslim al\u0131rken kargo paketinde hasar olmad\u0131\u011f\u0131ndan emin olun. Paketinde yada po\u015fetinde hasar olan sipari\u015flerinizle ilgili mutlaka kargo personeline tutanak tutturun. \u00dcr\u00fcnlerinizi mutlaka kontrol edin, paket i\u00e7erisindeki herhangi bir \u00fcr\u00fcn\u00fcn kutusunda yada \u00fcr\u00fcn\u00fcn kendisinde hasar\/sorun olmas\u0131 halinde mutlaka bu durumlar\u0131 da kargo personeline tutanak alt\u0131na ald\u0131r\u0131n.<\/strong><\/p><p><strong>Tutanaks\u0131z ar\u0131zal\u0131\/hasarl\u0131 \u00fcr\u00fcn iade ve de\u011fi\u015fimi yap\u0131lamamaktad\u0131r.<\/strong><\/p><p>Sipari\u015fleriniz size teslim edildikten itibaren 14 g\u00fcn i\u00e7erisinde iade yapabilirsiniz. Kargo \u015firketine teslimi 14. g\u00fcn\u00fc ge\u00e7mi\u015f olan sipari\u015flerde iade al\u0131nmaz. \u0130ade olarak g\u00f6nderilen sipari\u015fler al\u0131c\u0131ya kar\u015f\u0131 \u00f6demeli olarak tekrar geri g\u00f6nderilir.<\/p><p><strong>\u0130ade ba\u015flatmak i\u00e7in, <\/strong><a href=\"http:\/\/mailto:info@noteshop.com.tr\/\"><strong>info@modernraf.com.tr<\/strong><\/a><strong> adresine mail at\u0131p, kargo iade kodlar\u0131n\u0131 alman\u0131z gerekmektedir.<\/strong> Att\u0131\u011f\u0131n\u0131z mailde sipari\u015finizle ilgili iade sebebinizi mutlaka belirtin. Anla\u015fmal\u0131 kargolar\u0131n kodlar\u0131 ile g\u00f6nderilmeyen sipari\u015fler i\u00e7in kargo \u00fccreti sipari\u015f tutar\u0131ndan kesilerek taraf\u0131n\u0131za yans\u0131t\u0131lmaktad\u0131r.<\/p><p>Teslim olmadan geri gelen sipari\u015fleriniz depomuza geri d\u00f6nd\u00fc\u011f\u00fc taktirde, iade i\u015fleminiz otomatik olarak ba\u015flat\u0131lmakta ve kargo bedeli kesintisi yap\u0131ld\u0131ktan sonra iade i\u015flemi tamamlanmaktad\u0131r.<\/p><p>Kozmetik ve ki\u015fisel bak\u0131m \u00fcr\u00fcnlerinin iade al\u0131nabilmesi i\u00e7in kanunlarda belirlenmi\u015f olan \u015fu \u015fartlar\u0131 kar\u015f\u0131l\u0131yor olmas\u0131 gerekir:<\/p><p>&#8211; Ambalaj\u0131 a\u00e7\u0131lmam\u0131\u015f olmal\u0131d\u0131r.<\/p><p>&#8211; Koruyucu band\u0131 (varsa) s\u00f6k\u00fclmemi\u015f olmal\u0131d\u0131r.<\/p><p>&#8211; Denenmemi\u015f olmal\u0131d\u0131r.<\/p><p>&#8211; Bozulmam\u0131\u015f olmal\u0131d\u0131r.<\/p><p>&#8211; Kullan\u0131lmam\u0131\u015f olmal\u0131d\u0131r.<\/p><p>&#8211; \u00d6zetle yeniden sat\u0131lmas\u0131na engel bir durum olmamal\u0131d\u0131r.<\/p><p>G\u00f6nderdi\u011finiz iade 2-3 i\u015f g\u00fcn\u00fc i\u00e7erisinde modernraf.com.tr taraf\u0131ndan kontrol edilecektir. Bu \u015fartlar\u0131 kar\u015f\u0131lamayan \u00fcr\u00fcnler varsa, bu \u00fcr\u00fcnler size kar\u015f\u0131 \u00f6demeli olarak geri g\u00f6nderilecek, sadece bu \u015fartlar\u0131 sa\u011flayan \u00fcr\u00fcnler iade olarak al\u0131narak para iadesi yap\u0131lacakt\u0131r.<\/p><p>Para iadesine karar verilmi\u015f iade i\u015flemlerinde iadenin al\u0131nd\u0131\u011f\u0131na dair bilgilendirme size ula\u015ft\u0131\u011f\u0131 anda modernraf.com.tr para iadenizi bankan\u0131za yapm\u0131\u015f demektir. Bankalar\u0131n bu tutar\u0131 hesab\u0131n\u0131za\/ekstrenize yans\u0131tmas\u0131 3 ila 10 i\u015f g\u00fcn\u00fcn\u00fc bulabilir.<\/p><p>Para iadesi yerine ba\u015fka bir \u00fcr\u00fcn sipari\u015f vermek isterseniz, mail adresimizden yada m\u00fc\u015fteri temsilcimiz arac\u0131l\u0131\u011f\u0131 ile yeni bir sipari\u015f olu\u015fturtabilir ve para iadesi alaca\u011f\u0131n\u0131z tutar\u0131 bu sipari\u015ften d\u00fc\u015f\u00fcrerek i\u015flem yapt\u0131rabilirsiniz.<\/p><p><strong>KAMPANYALI SATI\u015eLARIN \u0130ADES\u0130<\/strong><\/p><p>Kampanyal\u0131 sat\u0131\u015flar\u0131n iadesinde de genel iade \u015fartlar\u0131 ge\u00e7erlidir.&nbsp;<\/p><p><strong>Kampanyal\u0131 sat\u0131\u015flar\u0131n iadelerinde belirli \u015fartlardan dolay\u0131 indirim ald\u0131\u011f\u0131n\u0131z i\u00e7in, par\u00e7al\u0131 iadeler kabul edilmemektedir. \u0130ade i\u015flemlerini t\u00fcm paket i\u00e7in yapman\u0131z gerekiyor.&nbsp;<\/strong><\/p><p><strong>X TL \u00dczeri Kargo Bedava, X Al Y \u00d6de, X TL \u00fczeri Y TL ekstra indirim ve benzeri belirli \u015fartlara ba\u011fl\u0131 t\u00fcm kampanyalarda iade i\u015flemlerinde t\u00fcm paketin iade edilmesi gereklidir. Aksi durumda \u00fcr\u00fcnler iade al\u0131nd\u0131ktan sonra kampanya \u015fart\u0131 yerine getirilmemi\u015f olursa iadelerinize kesintiler uygulanabilir.<\/strong><\/p><p>Kesinti \u00d6rnekleri:<\/p><p>1. \u00d6rne\u011fin 75 TL \u00fczeri kargo bedava kampanyas\u0131 varsa, 80 TL&#8217;lik al\u0131\u015fveri\u015f yapt\u0131ysan\u0131z, herhangi bir \u00fcr\u00fcn\u00fc iade etmeniz durumunda sipari\u015f toplam\u0131n\u0131z 60 tl&#8217;ye d\u00fc\u015f\u00fcyorsa, iade edilen \u00fcr\u00fcnden kaynakl\u0131 para iadenizden kargo bedeliniz kesilir.<\/p><p>2. \u00d6rne\u011fin, 2 Al 1 \u00d6de gibi \u00fcr\u00fcn adedine ba\u011fl\u0131 bir kampanyadan faydaland\u0131ysan\u0131z, karma\u015f\u0131k hesaplamalar gerektirece\u011fi i\u00e7in par\u00e7al\u0131 iade yapamazs\u0131n\u0131z. T\u00fcm sipari\u015fi iade etmelisiniz. Aksi durumda iadeniz kabul edilmez.<\/p><p>Son G\u00fcncellenme: 2&nbsp;Ocak&nbsp;2024<\/p>","protected":false},"excerpt":{"rendered":"<p>Garanti Ko\u015fullar\u0131 T\u00fcm \u00fcr\u00fcnler aksi belirtilmedi\u011fi takdirde \u00fcretici firmalar\u0131n garantisi alt\u0131ndad\u0131r. Garanti ko\u015fullar\u0131n\u0131n ge\u00e7erli olabilmesi i\u00e7in kargo teslimat\u0131 esnas\u0131nda \u00fcr\u00fcn\u00fc [&hellip;]<\/p>\n","protected":false},"author":1,"featured_media":0,"parent":0,"menu_order":0,"comment_status":"closed","ping_status":"closed","template":"","meta":{"footnotes":""},"class_list":["post-88","page","type-page","status-publish","hentry"],"yoast_head":"<!-- This site is optimized with the Yoast SEO plugin v23.9 - https:\/\/yoast.com\/wordpress\/plugins\/seo\/ -->\n<title>\u0130ade \u015eartlar\u0131 - Modern Raf<\/title>\n<meta name=\"robots\" content=\"index, follow, max-snippet:-1, max-image-preview:large, max-video-preview:-1\" \/>\n<link rel=\"canonical\" href=\"https:\/\/bayi.modernraf.com.tr\/index.php\/iade-sartlari\/\" \/>\n<meta property=\"og:locale\" content=\"tr_TR\" \/>\n<meta property=\"og:type\" content=\"article\" \/>\n<meta property=\"og:title\" content=\"\u0130ade \u015eartlar\u0131 - Modern Raf\" \/>\n<meta property=\"og:description\" content=\"Garanti Ko\u015fullar\u0131 T\u00fcm \u00fcr\u00fcnler aksi belirtilmedi\u011fi takdirde \u00fcretici firmalar\u0131n garantisi alt\u0131ndad\u0131r. Garanti ko\u015fullar\u0131n\u0131n ge\u00e7erli olabilmesi i\u00e7in kargo teslimat\u0131 esnas\u0131nda \u00fcr\u00fcn\u00fc [&hellip;]\" \/>\n<meta property=\"og:url\" content=\"https:\/\/bayi.modernraf.com.tr\/index.php\/iade-sartlari\/\" \/>\n<meta property=\"og:site_name\" content=\"Modern Raf\" \/>\n<meta name=\"twitter:card\" content=\"summary_large_image\" \/>\n<meta name=\"twitter:label1\" content=\"Tahmini okuma s\u00fcresi\" \/>\n\t<meta name=\"twitter:data1\" content=\"3 dakika\" \/>\n<script type=\"application\/ld+json\" class=\"yoast-schema-graph\">{\"@context\":\"https:\/\/schema.org\",\"@graph\":[{\"@type\":\"WebPage\",\"@id\":\"https:\/\/bayi.modernraf.com.tr\/index.php\/iade-sartlari\/\",\"url\":\"https:\/\/bayi.modernraf.com.tr\/index.php\/iade-sartlari\/\",\"name\":\"\u0130ade \u015eartlar\u0131 - Modern Raf\",\"isPartOf\":{\"@id\":\"https:\/\/bayi.modernraf.com.tr\/#website\"},\"datePublished\":\"2024-09-15T23:51:08+00:00\",\"dateModified\":\"2024-09-15T23:51:08+00:00\",\"breadcrumb\":{\"@id\":\"https:\/\/bayi.modernraf.com.tr\/index.php\/iade-sartlari\/#breadcrumb\"},\"inLanguage\":\"tr\",\"potentialAction\":[{\"@type\":\"ReadAction\",\"target\":[\"https:\/\/bayi.modernraf.com.tr\/index.php\/iade-sartlari\/\"]}]},{\"@type\":\"BreadcrumbList\",\"@id\":\"https:\/\/bayi.modernraf.com.tr\/index.php\/iade-sartlari\/#breadcrumb\",\"itemListElement\":[{\"@type\":\"ListItem\",\"position\":1,\"name\":\"Anasayfa\",\"item\":\"https:\/\/bayi.modernraf.com.tr\/\"},{\"@type\":\"ListItem\",\"position\":2,\"name\":\"\u0130ade \u015eartlar\u0131\"}]},{\"@type\":\"WebSite\",\"@id\":\"https:\/\/bayi.modernraf.com.tr\/#website\",\"url\":\"https:\/\/bayi.modernraf.com.tr\/\",\"name\":\"Modern Raf\",\"description\":\"\",\"potentialAction\":[{\"@type\":\"SearchAction\",\"target\":{\"@type\":\"EntryPoint\",\"urlTemplate\":\"https:\/\/bayi.modernraf.com.tr\/?s={search_term_string}\"},\"query-input\":{\"@type\":\"PropertyValueSpecification\",\"valueRequired\":true,\"valueName\":\"search_term_string\"}}],\"inLanguage\":\"tr\"}]}<\/script>\n<!-- \/ Yoast SEO plugin. -->","yoast_head_json":{"title":"\u0130ade \u015eartlar\u0131 - Modern Raf","robots":{"index":"index","follow":"follow","max-snippet":"max-snippet:-1","max-image-preview":"max-image-preview:large","max-video-preview":"max-video-preview:-1"},"canonical":"https:\/\/bayi.modernraf.com.tr\/index.php\/iade-sartlari\/","og_locale":"tr_TR","og_type":"article","og_title":"\u0130ade \u015eartlar\u0131 - Modern Raf","og_description":"Garanti Ko\u015fullar\u0131 T\u00fcm \u00fcr\u00fcnler aksi belirtilmedi\u011fi takdirde \u00fcretici firmalar\u0131n garantisi alt\u0131ndad\u0131r. Garanti ko\u015fullar\u0131n\u0131n ge\u00e7erli olabilmesi i\u00e7in kargo teslimat\u0131 esnas\u0131nda \u00fcr\u00fcn\u00fc [&hellip;]","og_url":"https:\/\/bayi.modernraf.com.tr\/index.php\/iade-sartlari\/","og_site_name":"Modern Raf","twitter_card":"summary_large_image","twitter_misc":{"Tahmini okuma s\u00fcresi":"3 dakika"},"schema":{"@context":"https:\/\/schema.org","@graph":[{"@type":"WebPage","@id":"https:\/\/bayi.modernraf.com.tr\/index.php\/iade-sartlari\/","url":"https:\/\/bayi.modernraf.com.tr\/index.php\/iade-sartlari\/","name":"\u0130ade \u015eartlar\u0131 - Modern Raf","isPartOf":{"@id":"https:\/\/bayi.modernraf.com.tr\/#website"},"datePublished":"2024-09-15T23:51:08+00:00","dateModified":"2024-09-15T23:51:08+00:00","breadcrumb":{"@id":"https:\/\/bayi.modernraf.com.tr\/index.php\/iade-sartlari\/#breadcrumb"},"inLanguage":"tr","potentialAction":[{"@type":"ReadAction","target":["https:\/\/bayi.modernraf.com.tr\/index.php\/iade-sartlari\/"]}]},{"@type":"BreadcrumbList","@id":"https:\/\/bayi.modernraf.com.tr\/index.php\/iade-sartlari\/#breadcrumb","itemListElement":[{"@type":"ListItem","position":1,"name":"Anasayfa","item":"https:\/\/bayi.modernraf.com.tr\/"},{"@type":"ListItem","position":2,"name":"\u0130ade \u015eartlar\u0131"}]},{"@type":"WebSite","@id":"https:\/\/bayi.modernraf.com.tr\/#website","url":"https:\/\/bayi.modernraf.com.tr\/","name":"Modern Raf","description":"","potentialAction":[{"@type":"SearchAction","target":{"@type":"EntryPoint","urlTemplate":"https:\/\/bayi.modernraf.com.tr\/?s={search_term_string}"},"query-input":{"@type":"PropertyValueSpecification","valueRequired":true,"valueName":"search_term_string"}}],"inLanguage":"tr"}]}},"acf":[],"_links":{"self":[{"href":"https:\/\/bayi.modernraf.com.tr\/index.php\/wp-json\/wp\/v2\/pages\/88","targetHints":{"allow":["GET"]}}],"collection":[{"href":"https:\/\/bayi.modernraf.com.tr\/index.php\/wp-json\/wp\/v2\/pages"}],"about":[{"href":"https:\/\/bayi.modernraf.com.tr\/index.php\/wp-json\/wp\/v2\/types\/page"}],"author":[{"embeddable":true,"href":"https:\/\/bayi.modernraf.com.tr\/index.php\/wp-json\/wp\/v2\/users\/1"}],"replies":[{"embeddable":true,"href":"https:\/\/bayi.modernraf.com.tr\/index.php\/wp-json\/wp\/v2\/comments?post=88"}],"version-history":[{"count":1,"href":"https:\/\/bayi.modernraf.com.tr\/index.php\/wp-json\/wp\/v2\/pages\/88\/revisions"}],"predecessor-version":[{"id":89,"href":"https:\/\/bayi.modernraf.com.tr\/index.php\/wp-json\/wp\/v2\/pages\/88\/revisions\/89"}],"wp:attachment":[{"href":"https:\/\/bayi.modernraf.com.tr\/index.php\/wp-json\/wp\/v2\/media?parent=88"}],"curies":[{"name":"wp","href":"https:\/\/api.w.org\/{rel}","templated":true}]}}